. Suppose -5*c + g + 30 = 0. What is the remainder when (-2583)/(-49) + 4/14 is divided by c?
26
Suppose -54 + 372 = 3*i. Suppose 4*a - 70 = -2*y, 23*a - 21*a - 89 = -3*y. What is the remainder when i is divided by y?
25
Suppose -126*v - 5060 = -137*v. Calculate the remainder when v is divided by 29.
25
Calculate the remainder when (95*2 - -1)/((-535)/(-1070)) is divided by 97.
91
Suppose l - 95 = -v - 0*l, 3*l + 3 = 0. What is the remainder when v is divided by 34?
28
Suppose -1 = -3*b + 17. Let o(a) = -6*a**2 + 30*a + 40. What is the remainder when o(5) is divided by b?
4
Let j = 474 - 393. What is the remainder when j is divided by 3*-3*43/(-9)?
38
Suppose 68 = -2*i + 6*i. Calculate the remainder when i is divided by 5 - 4 - 4 - (-6 + -2).
2
Suppose 91*c = 88*c + 9. Suppose c*i + 144 = 7*i. What is the remainder when i is divided by 10?
6
Let g be (-1)/(-1) + 12/3. Suppose 0 = 5*l - 70 + 30. What is the remainder when 36 + -2 + (g - 2) is divided by l?
5
Suppose 5*k = -4*b + 96, 2*k + 18 = -2*b + 64. Calculate the remainder when 111 is divided by b.
16
Let q = -385 - -391. Let o = -9 - -13. What is the remainder when q is divided by o?
2
Suppose 5*i = -10, 4*k = 4*i + 1 + 19. Suppose 12 = 3*l - 3*w, k*l + l - 2*w = 22. What is the remainder when 16 is divided by l?
2
What is the remainder when 899 is divided by -6 - ((-1)/2)/(18/540)?
8
Let f(r) = r**2 + 10*r + 10. Let k be f(-10). Let g be ((-9)/1)/(15/k). What is the remainder when 15 is divided by (-5)/15 + (-56)/g?
6
Suppose 95*v + 1005 = 110*v. What is the remainder when 196 is divided by v?
62
Suppose x + 48 = -3*x. Let m(g) = 5*g + 3. Let f be m(5). Let u = f + x. Calculate the remainder when u is divided by 6.
4
Let b be -14 - (-7)/((-35)/15). Calculate the remainder when (-1*(b + -2))/1 is divided by 5.
4
Suppose 2*b = -0*b + 20. Suppose -b*d = -8*d - 258. Calculate the remainder when d is divided by 11.
8
Suppose -82*m - 4*y = -80*m - 36, 5*m + y = 72. Suppose 3*w + 0*w - 81 = 0. What is the remainder when w is divided by m?
13
Let c be -2*1/((-4)/10). Suppose 0 = -c*v - 26 + 141. Calculate the remainder when 68 is divided by v.
22
Let m(a) = -a**3 - 6*a**2 + 6*a + 10. Suppose -5*j = -3*h - 4, -3*j = -5*h - 0*j - 28. What is the remainder when m(h) is divided by (1/(-4))/((-9)/1116)?
28
Suppose 2*i = 6*i + 32. Let h = 12 - i. Suppose 191 + 127 = 4*a - 2*w, 0 = a - 4*w - 90. Calculate the remainder when a is divided by h.
18
Suppose -2*o = 3*m - 350, 2*m + o + 2*o - 240 = 0. Calculate the remainder when m is divided by 20.
14
Suppose 5*r + 17 + 1 = 2*l, 0 = 2*l - r - 34. Suppose u = -4 + 16. Calculate the remainder when 221/3 + 4/u is divided by l.
17
Calculate the remainder when 383 is divided by 108/10 + 8 + 156/(-20).
9
Suppose -3*k - 49 = -5*u - 8, -k = -2*u + 16. Suppose -m = 5*s - 2, 11*s - u*s = 4*m - 32. What is the remainder when 7 is divided by m?
0
Let r(c) = 3*c**2 + 7*c - 13. Let h be r(3). Suppose -8*g = h - 83. Calculate the remainder when 22 is divided by g.
4
Let s = -10 - -28. Suppose 4*n - 6 = s. What is the remainder when 34 is divided by n?
4
Suppose -v - 5*v + 24 = 0. Let q(y) = y**3 - 5*y**2 + 5*y + 2. What is the remainder when 33 is divided by q(v)?
3
Let r = 35 - 14. Let u(z) = 3*z + 12. Let h be u(8). Let x = -24 + h. Calculate the remainder when r is divided by x.
9
Let v = -126 + 212. Let h be 4/14 + (-198)/(-42). Suppose -6*s + 3*y = -s - 122, -s + h*y + 42 = 0. What is the remainder when v is divided by s?
20
Suppose 5*r + 4*t - 351 = 0, 3*r - 147 = r + 5*t. Calculate the remainder when r is divided by 24.
23
Let g(i) = -i**2 + 16*i - 24. Let v be 24/11 + 8/(-44). Suppose v*h = -0*h + 120. What is the remainder when h is divided by g(11)?
29
Let o = -197 - -216. Let s = 45 + -10. What is the remainder when s is divided by o?
16
Suppose -4*q + 16 - 20 = 0. What is the remainder when ((-77)/(-22))/(q/(-42)) is divided by 10?
7
Suppose -27 = -2*y + 15. Let w = -110 + 113. Calculate the remainder when 6/(-14) - (-114)/y is divided by w.
2
Suppose 0 = 3*t + 3*c + 147, 3*t - 8*t = 3*c + 243. What is the remainder when 56/3*(-72)/t is divided by 15?
13
Let g = -14 - -20. Let o be (-7608)/(-20) + 2/(-5). Calculate the remainder when 56 is divided by (o/30)/(4/g).
18
Let y(l) = 8 - 1 - 8 - 6*l. Calculate the remainder when 49 is divided by y(-3).
15
Let t = -90 - -42. Let o = t - -66. Calculate the remainder when 50 is divided by o.
14
Let g = -1028 + 1037. What is the remainder when 130 is divided by g?
4
Let u(p) = 2*p + 34. Let t(d) = 6*d + 104. Let v(q) = 4*t(q) - 11*u(q). Calculate the remainder when v(-7) is divided by 5.
3
Let u = 63 + 1. Suppose 0 = -4*v - u + 92. Calculate the remainder when 13 is divided by v.
6
Let o = 12 - 6. Suppose 33 = z + 4*i, 0*i - 3*i = 5*z - 97. Suppose 0 = -a + z + o. What is the remainder when a is divided by 13?
10
Suppose 59*o = 61*o - 244. Suppose 14 = t - 11. What is the remainder when o is divided by t?
22
Suppose -4*l = -4*g + 180, 99*g - 239 = 94*g - 2*l. Calculate the remainder when 657 is divided by g.
46
Let n(y) = -y + 18. Calculate the remainder when 103 is divided by n(-4).
15
Suppose 18*c + 15*c - 726 = 0. Calculate the remainder when 87 is divided by c.
21
Let s = -7 - -28. Let n(l) = -3*l - 4. Suppose 2*g + 3*g = -25. What is the remainder when s is divided by n(g)?
10
Let v(p) = -p**2 - 61*p - 513. Calculate the remainder when v(-40) is divided by 102.
21
Suppose -5*c + 293 = -3*w, 73 = 2*c - c + 3*w. Calculate the remainder when c is divided by 21.
19
Let x(k) = 4*k + 119. What is the remainder when x(6) is divided by 8?
7
Let z = -171 - -192. What is the remainder when 56 is divided by z?
14
Let r = -120 + 81. Let m = r + 59. Calculate the remainder when 76 is divided by m.
16
Suppose 996 = 3*j + j + 5*h, -2*j + 488 = 5*h. Suppose 0 = -9*b + 34 + j. What is the remainder when b is divided by 7?
4
Let u(h) = h**3 - 6*h**2 - 2*h + 32. Let t = -13 - -111. What is the remainder when t is divided by u(6)?
18
Suppose -10*s - 144 = -14*s. Calculate the remainder when 99 is divided by s.
27
Let u = 5 - 5. Suppose h + 4 - 13 = u. Suppose 2*n = 4*b - 22 + 6, -4*b = 5*n - 30. Calculate the remainder when h is divided by b.
4
Suppose 0 = l - 2, 3*l - 198 = -3*v + 174. Calculate the remainder when v is divided by 42.
38
Let q = 361 - 349. Let j = 36 - 14. What is the remainder when j is divided by q?
10
Calculate the remainder when ((-34)/8*-2)/((-1)/(-24)) is divided by 23.
20
Suppose 0 = -2*y - 4*m + 2062, 6*y - 3*y = 3*m + 3138. Calculate the remainder when y is divided by 87.
84
Suppose -x + l + 43 = 0, -35*l + 31 = x - 40*l. What is the remainder when x is divided by 13?
7
Let r(u) = -u**3. Let v be r(0). Suppose 2*k - 7 = -v*k + 3*h, 4*k - 59 = -3*h. Suppose 7*c = 8*c - k. Calculate the remainder when c is divided by 6.
5
Suppose 2*c - 346 = 2. What is the remainder when c is divided by 60?
54
Let k = -571 - -603. Suppose -3*j - 2*j = -25. Calculate the remainder when k is divided by j.
2
Suppose -4*w + 42 = 2*v, -30*v + 2*w = -33*v + 63. Let o = 111 + -51. What is the remainder when o is divided by v?
18
Let b = -672 - -995. What is the remainder when b is divided by 109?
105
Suppose 4*k - 32 = -0*k. Let q be k/(-16)*7*-2. Let w = 17 - q. Calculate the remainder when 27 is divided by w.
7
Let r = -52 + 88. Let f = -5 + 26. Let z = f + r. What is the remainder when z is divided by 20?
17
Let n be (-4)/(-6)*(-5 - -32). Suppose -2*u + 26 = n. Calculate the remainder when 29 is divided by u.
1
Calculate the remainder when 68 is divided by 1 + -5 + (23 - 4).
8
Let a(x) = -x**3 - 16*x**2 + 34*x - 28. Suppose -5*q - 3*m - 93 = 0, -m - 46 = 4*q + 27. What is the remainder when 95 is divided by a(q)?
7
Suppose 0 = -2*k - 62 + 72. Suppose k*o = -2*w - w + 24, 24 = 3*o + 5*w. Calculate the remainder when o is divided by 3.
0
Let s = -50 + 65. Suppose 0 = r - 3*m - s, -r - 2*m + 4*m + 12 = 0. What is the remainder when 33 is divided by r?
3
Suppose 3*n - 12 = -0*n. What is the remainder when 3/(6/20) + -2 is divided by n?
0
Suppose -38*p - 1554 = -75*p. Suppose 23 - 5 = 2*v. What is the remainder when p is divided by v?
6
Suppose 6*x + 129 = 3*x. Let j(a) = -4*a - 81. Let q be j(-13). Let z = q - x. What is the remai